 multiple of 9?
False
Is 39 a factor of 960?
False
Does 22 divide 9636?
True
Does 81 divide 8424?
True
Is 120 a multiple of 10?
True
Is 214 a multiple of 32?
False
Is 921 a multiple of 96?
False
Does 13 divide 830?
False
Is 15 a factor of 1629?
False
Is 139 a multiple of 6?
False
Is 23965 a multiple of 13?
False
Is 6 a factor of 181?
False
Does 76 divide 2964?
True
Is 2 a factor of 334?
True
Does 10 divide 800?
True
Is 17802 a multiple of 69?
True
Does 20 divide 1540?
True
Does 12 divide 352?
False
Is 37 a factor of 936?
False
Is 12480 a multiple of 12?
True
Is 17611 a multiple of 73?
False
Is 9504 a multiple of 16?
True
Is 130 a multiple of 12?
False
Is 4508 a multiple of 4?
True
Does 40 divide 440?
True
Does 139 divide 14595?
True
Is 331 a factor of 60573?
True
Does 44 divide 54824?
True
Is 10971 a multiple of 69?
True
Is 60 a factor of 32580?
True
Does 17 divide 1275?
True
Is 11160 a multiple of 12?
True
Does 19 divide 3848?
False
Is 1024 a multiple of 16?
True
Is 6680 a multiple of 37?
False
Does 22 divide 12270?
False
Is 21 a factor of 1050?
True
Does 93 divide 1531?
False
Is 29 a factor of 947?
False
Is 1500 a multiple of 127?
False
Is 82 a factor of 584?
False
Is 7041 a multiple of 25?
False
Does 10 divide 630?
True
Does 20 divide 4300?
True
Is 85 a factor of 665?
False
Is 51135 a multiple of 49?
False
Is 3360 a multiple of 60?
True
Is 1533 a multiple of 19?
False
Is 2024 a multiple of 32?
False
Is 9176 a multiple of 9?
False
Does 130 divide 9824?
False
Is 59 a multiple of 5?
False
Is 89 a factor of 6408?
True
Is 76 a factor of 608?
True
Does 28 divide 2857?
False
Is 540 a multiple of 24?
False
Is 2827 a multiple of 26?
False
Does 39 divide 5460?
True
Is 2106 a multiple of 117?
True
Does 12 divide 487?
False
Does 6 divide 72?
True
Is 45402 a multiple of 141?
True
Is 34 a factor of 1904?
True
Is 108 a multiple of 36?
True
Is 48 a factor of 816?
True
Does 18 divide 5238?
True
Is 216 a multiple of 11?
False
Does 13 divide 900?
False
Is 5 a factor of 4116?
False
Is 21 a factor of 147?
True
Is 19 a factor of 1254?
True
Is 141 a factor of 23970?
True
Is 119 a factor of 6272?
False
Is 321 a multiple of 3?
True
Does 18 divide 28152?
True
Is 2484 a multiple of 23?
True
Does 153 divide 8109?
True
Is 2408 a multiple of 14?
True
Does 17 divide 2057?
True
Does 23 divide 824?
False
Is 1569 a multiple of 46?
False
Does 9 divide 124?
False
Is 19 a factor of 1824?
True
Does 4 divide 9852?
True
Is 3984 a multiple of 126?
False
Is 18669 a multiple of 108?
False
Is 621 a multiple of 27?
True
Is 96 a multiple of 8?
True
Is 198 a multiple of 9?
True
Is 19 a factor of 177?
False
Is 129 a factor of 387?
True
Is 16 a factor of 496?
True
Does 6 divide 277?
False
Is 11 a factor of 759?
True
Does 149 divide 9128?
False
Does 12 divide 133?
False
Does 4 divide 309?
False
Does 30 divide 1329?
False
Is 12 a factor of 792?
True
Does 97 divide 194?
True
Does 19 divide 6764?
True
Is 33 a factor of 1306?
False
Is 49 a factor of 945?
False
Does 7 divide 961?
False
Does 34 divide 306?
True
Is 6520 a multiple of 2?
True
Is 1491 a multiple of 82?
False
Is 27 a factor of 918?
True
Does 8 divide 431?
False
Is 42 a factor of 7518?
True
Is 38352 a multiple of 48?
True
Is 55 a factor of 263?
False
Is 1473 a multiple of 3?
True
Does 16 divide 5088?
True
Is 11 a factor of 1969?
True
Does 3 divide 3042?
True
Is 9188 a multiple of 20?
False
Does 52 divide 624?
True
Is 28 a factor of 4866?
False
Does 24 divide 181?
False
Is 62 a factor of 19329?
False
Is 43 a factor of 18576?
True
Does 8 divide 26768?
True
Is 5556 a multiple of 6?
True
Does 24 divide 343?
False
Is 3 a factor of 1677?
True
Is 17 a factor of 1125?
False
Does 14 divide 812?
True
Is 20752 a multiple of 16?
True
Does 8 divide 77?
False
Is 15 a factor of 16635?
True
Does 46 divide 3676?
False
Is 59 a factor of 35951?
False
Does 40 divide 1200?
True
Is 147 a factor of 882?
True
Is 27495 a multiple of 65?
True
Is 447 a factor of 76202?
False
Is 130 a multiple of 5?
True
Does 229 divide 51534?
False
Is 14 a factor of 5176?
False
Is 2 a factor of 30?
True
Is 19803 a multiple of 69?
True
Is 10083 a multiple of 6?
False
Is 23 a factor of 76521?
True
Is 8085 a multiple of 33?
True
Does 17 divide 42930?
False
Is 3 a factor of 5085?
True
Does 11 divide 2119?
False
Is 137 a multiple of 7?
False
Is 3528 a multiple of 12?
True
Does 44 divide 764?
False
Does 12 divide 8628?
True
Does 10 divide 5760?
True
Does 4 divide 368?
True
Is 1390 a multiple of 10?
True
Is 107 a factor of 4815?
True
Is 206 a multiple of 12?
False
Does 75 divide 7350?
True
Does 78 divide 3594?
False
Is 56 a multiple of 39?
False
Is 2814 a multiple of 14?
True
Does 7 divide 2016?
True
Is 5214 a multiple of 23?
False
Is 50 a factor of 11550?
True
Does 12 divide 139?
False
Is 4901 a multiple of 13?
True
Does 11 divide 10934?
True
Is 34 a factor of 6252?
False
Is 6 a factor of 1242?
True
Is 117 a factor of 30000?
False
Does 170 divide 18511?
False
Is 12059 a multiple of 9?
False
Is 3681 even?
False
Is 24 a factor of 17650?
False
Does 95 divide 15473?
False
Does 21 divide 708?
False
Is 924 a multiple of 28?
True
Is 72 a factor of 22379?
False
Does 41 divide 2173?
True
Is 463 a multiple of 17?
False
Does 93 divide 1860?
True
Does 5 divide 240?
True
Does 18 divide 24505?
False
Is 311 a multiple of 12?
False
Does 5 divide 135?
True
Is 450 a multiple of 18?
True
Is 879 a multiple of 16?
False
Is 124 a multiple of 8?
False
Is 14 a multiple of 3?
False
Does 15 divide 7070?
False
Does 4 divide 179?
False
Is 23765 a multiple of 97?
True
Is 2 a factor of 97?
False
Is 117 a multiple of 39?
True
Is 74 even?
True
Is 1160 a multiple of 40?
True
Is 924 a multiple of 66?
True
Does 24 divide 446?
False
Is 18 a factor of 2754?
True
Does 15 divide 1680?
True
Does 3 divide 383?
False
Is 323 a multiple of 69?
False
Is 35052 a multiple of 254?
True
Is 50 a factor of 31750?
True
Does 36 divide 196?
False
Is 1075 a multiple of 62?
False
Is 1002 a multiple of 63?
False
Does 53 divide 3657?
True
Is 49 a factor of 509?
False
Is 2065 a multiple of 59?
True
Does 13 divide 249?
False
Does 3 divide 436?
False
Is 60 a multiple of 7?
False
Is 149 a factor of 15251?
False
Is 4 a factor of 341?
False
Is 10266 a multiple of 4?
False
Does 60 divide 13440?
True
Does 5 divide 996?
False
Is 35 a factor of 1685?
False
Does 31 divide 557?
False
Is 42 a factor of 21500?
False
Is 1350 a multiple of 64?
False
Does 14 divide 1289?
False
Is 8 a factor of 10845?
False
Is 8 a factor of 2021?
False
Does 24 divide 3808?
False
Does 56 divide 1736?
True
Does 7 divide 835?
False
Is 72 a multiple of 12?
True
Is 15 a factor of 10590?
True
Is 13 a factor of 2769?
True
Is 1298 a multiple of 11?
True
Does 26 divide 395?
False
Is 8102 a multiple of 4?
False
Does 26 divide 286?
True
Does 14 divide 10869?
False
Is 90751 a multiple of 13?
False
Is 6 a factor of 19173?
False
Is 304 a factor of 34352?
True
Is 216 a multiple of 27?
True
Does 8 divide 1048?
True
Is 86208 a multiple of 41?
False
Does 58 divide 32248?
True
Does 7 divide 24937?
False
Is 52 a factor of 6322?
False
Is 4852 a multiple of 63?
False
Is 5 a factor of 71?
False
Is 52 a factor of 49868?
True
Does 8 divide 2218?
False
Is 4297 a multiple of 52?
False
Is 120 a multiple of 12?
True
Is 12 a factor of 10343?
False
Is 18312 a multiple of 12?
True
Is 52 a factor of 4888?
True
Is 6 a factor of 451?
False
Is 588 a multiple of 5?
False
Does 30 divide 1110?
True
Is 1284 a multiple of 43?
False
Does 2 divide 184?
True
Is 2697 a multiple of 29?
True
Does 10 divide 2290?
True
Is 20503 a multiple of 101?
True
Is 38 a factor of 817?
False
Does 3 divide 647?
False
Is 24 a factor of 1980?
False
Does 66 divide 59181?
False
Is 16 a factor of 92960?
True
Does 75 divide 1200?
True
Is 121 a factor of 7359?
False
Does 49 divide 588?
True
Is 23779 a multiple of 79?
True
Is 50 a factor of 50?
True
Is 35166 a multiple of 7?
False
Is 61 a multiple of 4?
False
Does 3 divide 6111?
True
Is 5660 a multiple of 105?
False
Is 2040 a multiple of 17?
True
Does 5 divide 2990?
True
Is 11840 a multiple of 37?
True
Is 34 a factor of 13135?
False
Does 14 divide 359?
False
Is 8 a factor of 91720?
True
Is 33 a factor of 1168?
False
Is 2380 a multiple of 2?
True
Is 9 a factor of 24?
False
Is 43 a factor 